 - 3*n**2 - 13*n - 9 + n**3. Let t(v) = v**2 + v + 1. Let d(x) = y*t(x) - k(x). Determine d(8).
4
Let t(f) = -4*f + 31. Suppose -3*u - 23 = -47. Let v be t(u). Let m(i) = 37*i - 5. Let n(x) = -1239*x + 168. Let q(y) = 168*m(y) + 5*n(y). Calculate q(v).
-21
Let m(a) = -a**3 + 2*a**2 + 14*a + 6. Let z(j) = j**2 - 12*j - 2992. Let w be z(-49). Determine m(w).
9
Let r be (-10)/(-5)*6/(-4). Let i(p) = -p - 3. Let d(m) = -m - 3. Let u(w) = r*d(w) + 4*i(w). Let o = 3087 + -3091. Give u(o).
1
Suppose -16*s + 216 = -10*s. Let i = s - 36. Suppose i = 2*j - j + 5. Let n(h) = h + 7. Calculate n(j).
2
Let g(n) = -n**3 + 9*n**2 + 21*n + 9. Let v be g(11). Let c(p) = -689*p - 13. Let t be c(v). Let a(h) = t*h - 1342*h + 2 - 2. Give a(1).
23
Let a(b) = 212 - 6*b**2 - 114 - 9*b - 95 + b**3. Suppose 3*s + v = 17, -s - 8 = 5*v + 5. What is a(s)?
-11
Let b(g) = -g**3 + 29*g**2 - 4*g + 108. Suppose 2*j - 4*x - 70 = 0, 19 = 5*j - x - 129. Calculate b(j).
-8
Let h(i) = -2 - i**2 - 265104*i + 20 + 265095*i. Determine h(-13).
-34
Let g(w) = -36*w - 511. Let r be g(-14). Let m(u) = -2*u**2 - 16*u - 2. Determine m(r).
12
Let p(y) be the third derivative of y**4/12 + 2*y**3/3 - 27*y**2 + 9*y. What is p(-11)?
-18
Let m = 13804 - 13805. Let u(o) = -7*o - 2. Let f(k) = -k. Let t(y) = -2*f(y) + u(y). What is t(m)?
3
Suppose 0 = 5*g + 3*n - 160, 27 = 3*g + 4*n - 69. Suppose -116 = 3*v - g*v. Let w(j) = -j**2 + 4*j + 5. Calculate w(v).
5
Let b(x) be the second derivative of -x**4/12 + 4*x**3/3 - 7*x**2/2 + 511*x - 30. Let s be (-20)/6*12/(-5). Calculate b(s).
-7
Let y(m) be the third derivative of m**5/60 + 3*m**4/4 - 13*m**3/2 + m**2 - 4001. What is y(-20)?
1
Let j(c) = -6*c**2 - 8*c**3 + 71*c + 1025721 - 71*c + 9*c**3 - 1025726. Let q(y) = -y**3 - 3*y**2 + 3*y + 2. Let w be q(-4). What is j(w)?
-5
Suppose 0*c + 3*c = 12. Let v(y) = 4*y - 9954*y**2 - 2*y - 4*y + 9953*y**2 + 3*y + 2 - 4. What is v(c)?
-14
Let u(v) = v**3 - 8*v**2 - 6*v + 48. Let s(b) = -108*b - 3340. Let q be s(-31). Calculate u(q).
0
Let d(s) = -s**2 - 3*s - 2*s + 1 + 2*s**2. Let n be -1*(2702 + 8)/(-10). Let c = -266 + n. What is d(c)?
1
Let r(n) = n**2 + 9*n - 2. Let j(u) = -1 + 10*u + 7*u**2 - 6 + 4 - 6*u**2. Let m(y) = 6*j(y) - 7*r(y). What is m(-4)?
-8
Let x(q) = -2*q**2 - 2*q + 76. Let s = -2391 - -2397. Give x(s).
-8
Let l be (-152)/(-266) + (-4 - 198/(-21)). Let u(d) = -d**2 - d. What is u(l)?
-42
Let m(f) = f**3 + 6*f**2 + f - 2. Let r(w) = w**3 - 4*w**2 - 4*w - 1. Suppose 0*x - 5*x = -25. Let q be r(x). Suppose q = -i - 2. What is m(i)?
-8
Suppose -12 = -3*o + 3. Suppose 2*s + 13 = 3*u, 7 = o*s - 2*u + 34. Let y(l) = 15*l - 6*l - 11 - 10*l. What is y(s)?
-6
Let m(h) = -h**2 + 5*h + 24. Suppose 76*j - 697 - 63 = 0. Give m(j).
-26
Let f(b) = -b**2 - 7. Let w(z) = -1679 + 7*z + 1684 - z. Let o be w(-3). Let r = o + 13. Determine f(r).
-7
Suppose -281*q = -91*q. Let a(h) be the second derivative of 29*h + q + 8*h**2 - 1/6*h**3. Give a(0).
16
Let v(a) = 8*a + 3. Let b = -2457 - -2459. What is v(b)?
19
Let r(i) = 10463*i**2 - 20923*i**2 + 23 + 10459*i**2. Let w = -4 + 7. Suppose -3*m - 3*n = -9, w*m - 6 = -2*m - 2*n. Give r(m).
23
Let d = -472 - -467. Suppose 4*g = g + 12. Let r(c) = -15 - 8*c + c**3 + g*c**2 + 21 + 3*c. Determine r(d).
6
Let d(f) be the third derivative of f**4/8 + 5*f**3/2 - 1379*f**2. Suppose 5*v + 15 = -15. Give d(v).
-3
Let y = -136 + 142. Let t(c) = -6*c**2 - 19*c + 25*c + y + 5*c**2. Determine t(5).
11
Let n(r) = 1250*r - 2496*r - r**3 + 1226*r + 0*r**2 - 36 - 15*r**2. What is n(-13)?
-114
Let z be 7/(-4) + (-16125)/(-860). Let x(o) be the second derivative of o**5/20 - 17*o**4/12 + o**3/6 - 23*o**2/2 - 2*o. Determine x(z).
-6
Let w(d) be the second derivative of -11*d**3/3 + 2*d**2 - 1324*d. What is w(2)?
-40
Let w(x) = 5*x - 44. Suppose 2*p + 4*o - 44 = 0, 5*p + p = 3*o + 27. Determine w(p).
-4
Suppose 190 = -264*g + 302*g. Let h(n) = 5*n - 23. What is h(g)?
2
Let v(d) be the second derivative of d**3/6 + d**2/2 - 3*d. Let h be (14/(-49))/(24/42)*0. What is v(h)?
1
Let k(d) be the second derivative of d**5/20 + d**4/4 - d**3/6 + 3*d**2/2 + 602*d + 1. Give k(-3).
6
Let q(p) be the second derivative of p**4/12 - 3*p**3 + 43*p**2/2 - 7*p - 111. Determine q(15).
-2
Let s be 2*3*(-9)/(-18). Let a(n) = 218*n**s - 7*n**2 - 219*n**3 - 6*n - 2*n - 5. Calculate a(-6).
7
Let d(n) = -n + 30. Let u(m) = 2*m**3 - 41*m**2 + 54*m + 64. Let b be u(19). Determine d(b).
23
Let b(m) = -m**2 + 6*m + 9. Suppose -5*r + u = -427, -3*u + 8*u + 157 = 2*r. Let q = -42 - 37. Let o = r + q. Determine b(o).
2
Let h(q) = -3*q + 11. Let g be (-6)/27 + 1307/9. Let c = g + -141. Give h(c).
-1
Let u(r) be the third derivative of -r**5/120 + r**4/12 + 47*r**3/3 - r**2 - 38. Let z(h) be the first derivative of u(h). Calculate z(-1).
3
Let p(d) be the third derivative of -2*d**4/3 - 281*d**3/3 + 1179*d**2 + 1. What is p(-35)?
-2
Let s(o) = 79 - 39 - 3*o + 0 - 19. What is s(-6)?
39
Let y = 3745 - 7489/2. Let p(m) be the second derivative of 3*m + 1/3*m**4 - y*m**2 + 1/3*m**3 + 0. What is p(1)?
5
Let v(l) = 29*l + 177. Let i(q) = -q**2 + 7*q - 6. Let o be i(7). Let k be v(o). Let j(t) = 3*t - 6. Give j(k).
3
Let w be ((-14)/(-28))/((-2)/48). Let a be 8/w - (-46)/6. Let n(f) = 24*f**2 + 8782*f - 5 - 17*f**2 - 8781*f - f**3. Calculate n(a).
2
Let m be 5/(-5)*2/(-1). Suppose -g - 10 = -3*n, 8*g - 6*g = 2*n - 12. Let z(y) = 3 + y**3 + 34*y**n - 37*y**2 - 2 - 3*y. Calculate z(m).
-9
Let w(s) = 7*s**2 - 2*s + 45. Let i(n) = 19*n**2 - 7*n + 118. Let z(k) = 3*i(k) - 8*w(k). Determine z(-2).
8
Let d be (2 - 0) + (-36)/(-24 + 6). Let l(p) be the first derivative of -31 + d*p + 1/2*p**2. What is l(5)?
9
Let j(i) = -856*i + 263*i + 293*i + 294*i + i**2 + 0*i**2 - 6. Suppose 2*s - 4*s = -10. Give j(s).
-11
Let l(f) = 5*f**3 - 46*f**2 + 37*f - 4. Let o(s) = s**3 - 9*s**2 + 7*s - 1. Let y(m) = -2*l(m) + 11*o(m). Let p be -5*1/10*(-1 - 11). What is y(p)?
-21
Let g(d) = 82*d**2 - 3 + 3*d**3 - 45*d**2 + 5*d**3 + 5*d - 9*d**3 - 36*d**2. Suppose -l + 4*b + 18 = l, -5*l + 9 = -b. Let h be l - (-3)/(3/2). Give g(h).
-6
Let n(b) = -3*b + 22. Let t = 581 + -590. Calculate n(t).
49
Let w(g) = -g**3 + 4*g**2 - 4*g + 2. Suppose 0 = -6*m + 3*m + 39. Let y be m + (-1 - 1)*8/8. Let z(h) = h**2 - 10*h - 8. Let k be z(y). Calculate w(k).
-1
Let t(q) = -q + 4 - 74*q**2 + 143*q**2 - 68*q**2. Let r be ((-1)/2 - 0)*0. Suppose -2*x - 2 = r, 2*f - 2*x - 9 = x. Determine t(f).
10
Let o(r) = -2854*r + 1 + 1422*r + r**3 - r**2 + 1434*r. Calculate o(0).
1
Let v(u) be the first derivative of u**3/3 - u**2/2 - 4. Suppose -12*i - 5*i = 3825. Let t = 230 + i. Calculate v(t).
20
Suppose -q - 5*n - 11 = -3*q, -3*q - n = -42. Let x(u) = -2*u + 31. Let c be x(q). Let w(s) be the first derivative of -s**2/2 + 4*s + 10. Determine w(c).
-1
Let w(c) = -c**3 - 27*c**2 - 26*c + 18. Suppose 0 = -2*d + 3*b - 46, 2*d - 39*b + 40*b = -54. What is w(d)?
18
Let h(y) = 3*y**2 + 40*y + 6. Let c(q) = 2*q**3 - 72*q**2 + 250*q + 178. Let b be c(32). Calculate h(b).
34
Suppose -4*s + 56 = 26*a - 25*a, -2*s + 3*a = -28. Let d(x) = x**3 - 12*x**2 - 26*x - 23. Calculate d(s).
5
Let p(y) = 164 + 4*y - 16*y - 90 + 4*y - 89. Calculate p(-13).
89
Let j(c) be the first derivative of -c**3/3 - 3*c**2 - 5*c + 3. Let h = -162 - -154. Let s be (-1 - -3)*(-3)/((-6)/h). What is j(s)?
-21
Let d(g) = -5*g - 6. Let h be -11 - ((-4)/(-6))/(1/(-12)). Let u be 0 - 4/(1*-2). Let t be (-22)/4 - h/u. Determine d(t).
14
Suppose 50 = 5*z + 4*i, -4*z + 42 = -3*i + 2. Let v(n) = -2*n - 2*n - n**2 + z - 8*n + 18*n. Give v(7).
3
Suppose 0*x = 12*x - 72. Let f(o) = -o - 41. Let l(t) = -t - 49. Let j(d) = -7*f(d) + 6*l(d). Calculate j(x).
-1
Let z(g) = 50*g**2 - 27*g + 13. Let r(c) = -14*c**2 + 9*c - 4. Let w(l) = -7*r(l) - 2*z(l). Determine w(-5).
-3
Let x(r) = 8*r. Let p(t) = 7*t - 1. Let s(z) = -7*p(z) + 6*x(z). Suppose 37*q - 555 = -111. Give s(q).
-5
Let t(s) be the third derivative of 0 + s + 1/60*s**5 + 1/8*s**4 - 1/3*s**3 + 28*s**2. Determine t(-4).
2
Let v be 0 + (0 - -1 - (-20 - 0)). Suppose -3*i - h + v = -3, 2*i - h - 11 = 0. Suppose 5*t = 22 - i. Let m(a) = -a**2 + 4. What is m(t)?
-5
Let x be -2 - (1 + 1 - 2). Let j(u) = 42*u**2 - 6*u - 3. Let k(d) = -117*d**2 + 17*d + 8. Let g(y) = 14*j(y) + 5*k(